.
-32
What is 8 + (-13 + -2 + 5 - -9)?
7
-2 + 6 + 1 - (6 + 3 - 14)
10
What is the value of -46 + (81 - (52 + -7))?
-10
Evaluate (-3 - -1) + (-437 - -459) + -16 + 1.
5
Evaluate (1 - (-8 - -1 - -2 - 1)) + -3.
4
What is 4 + -11 - (-7 + (5 - 3) + 7)?
-9
What is -4 + 0 + 1 - (-55 - -61) - 3?
-12
What is the value of 1 - (3 - -1 - -3) - (-18 + 24)?
-12
What is the value of 0 + 1 - ((78 - 80) + 34)?
-31
(-5 - -13) + 8 + 12 + -28
0
Evaluate -6 + -2 + ((-5 - -7) + -6 - 1).
-13
What is the value of 252 - 293 - (3 - 38)?
-6
What is -7 + (-4 - (-24 - -36)) + (8 - 1)?
-16
What is 3 + -1 + 2 + (-1 - 5 - -19)?
17
What is the value of -3 + 0 - (3 - 6)?
0
What is the value of 37 + -44 + 0 + (-3 - 0)?
-10
What is 14 + (0 - 2) + 9 + (-7 - 0)?
14
What is (2 - (9 + -3)) + 16 + -5?
7
Calculate 7 + 2 - ((-14 - 5) + 48).
-20
-2 + 1 - (-23 + (47 - 11))
-14
What is 5 + (11 - 7) + (5 - 35)?
-21
What is (21 - (8 + -13 - -6)) + 0?
20
What is the value of 1 + (-3 - -2 - (1 + -3))?
2
Calculate -36 + 17 - (4 + (-9 - 2)).
-12
What is the value of (-12 - -2) + -2 + (23 - -2)?
13
-3 - 1 - (-12 + 22 + -12)
-2
0 + 15 + 3 + -4 + 5 - 2
17
Calculate (0 - ((-3 - -22) + -22)) + (-2 - 1).
0
What is the value of -2 - (-6 + (-2 - -12) - 6) - 9?
-9
What is the value of -22 + 26 + (3 + -2 - -3)?
8
Evaluate 0 - (0 - 2) - ((25 - 20) + -2).
-1
Evaluate -2 + -2 - -3 - (1 + -4 - -2).
0
What is the value of (23 - (3 + 7 + 6 + -10)) + -3?
14
Evaluate -152 + 163 - (32 + 1).
-22
14 + -17 + 0 + 20
17
Evaluate -2 - 1 - (-1 - 2) - (18 - 1).
-17
Evaluate (0 - 24) + 4 + (10 - 2) - -6.
-6
-13 + 0 + 346 + -333
0
-1 - (1 + -13 + (54 - 51))
8
What is the value of -8 - (7 - (-17 - -20))?
-12
What is 121 - 118 - (2 - -12)?
-11
Evaluate 18 - (34 + -55) - 16.
23
What is -3 - -9 - (90 + -78)?
-6
What is the value of (4 - 8) + 19 - 28?
-13
Evaluate -3 + 2 + -233 + 228.
-6
Calculate -3 + -5 - (-14 + 1 + (-15 - -25)).
-5
Calculate -19 + -9 + (-1 - -8) - (0 + 0).
-21
What is the value of 17 + 0 - (-1 + 8 + -1 - 5)?
16
Calculate -26 - (26 + -27) - -14.
-11
Evaluate 88 + -64 - (0 + 29).
-5
12 + (1 - 2) + (967 - 965)
13
What is the value of -287 + 295 + (1 - -2) + 0 - 22?
-11
Calculate (-4 + 30 - 24) + (2 + -3 - 16).
-15
What is (22 - 16 - 3) + -11?
-8
-2 + -4 - (7 - 8 - 3)
-2
What is -28 - -31 - (2 - -12)?
-11
What is (-14 - (-6 - -2)) + 19 + -1?
8
Calculate -5 - (-25 - (-18 + 8 - -2)).
12
Evaluate (23 - 1 - 3) + -109 + 111.
21
Calculate (1 - (-6 + 21)) + (-16 - -27).
-3
What is the value of -38 - -10 - (3 + -20)?
-11
13 - 0 - (5 + (7 - 7))
8
What is the value of -6 - (-11 + 4 - 1)?
2
Evaluate -43 + 47 + 3 + 0 + (12 - 8).
11
Calculate (-21 - -14) + 9 + -16 + -2 + 6.
-10
What is (-44 - (-64 - -31)) + -16?
-27
2 - -19 - (339 + -337)
19
What is -7 + 9 + 0 + 3 - -24?
29
What is the value of 2 - (16 + -8) - (35 + -48)?
7
Calculate (2 - -2 - 4) + 28 + -21.
7
What is the value of 2 - (-3 - 0) - (-6 - -13 - 4)?
2
Calculate 24 + 1 - (29 + -17).
13
Calculate -5 - -11 - (6 + 11 - 13).
2
What is 3 + (-5 - (-1 + 4 + 4 + -10))?
1
What is -6 + 9 + 1 + 2 + -1 + -20?
-15
What is 1 - ((14 - (-2 + 6)) + -3)?
-6
Calculate -19 - (-1 + 5) - (-19 - -15).
-19
Evaluate (10 - 32) + 16 + -1.
-7
-2 + 5 - -14 - (22 + -12)
7
Evaluate (-6 - -13) + -12 + 11 - 11 - 1.
-6
Evaluate (3 - 15 - -19) + 3 + 0 + -16.
-6
(-8 - (-3 - -11) - -4) + 17
5
403 + -398 - (-1 + -1)
7
What is 1 + 8 - ((0 - 13) + 13)?
9
Calculate (19 - (-4 - -21)) + 9.
11
What is (5 - (9 - 0)) + 8 - (5 + -7)?
6
Evaluate -3 + 1 + 0 - (7 + (-5 - 0)).
-4
What is the value of (43 - 39) + (0 - -2)?
6
Calculate 10 + 0 - (77 + -77) - 5.
5
Calculate (-18 - -35 - 15) + -16 - 15.
-29
Evaluate -7 - (-6 + 0 + 11 - 18).
6
Evaluate -5 - (-12 - -5 - -1) - 26.
-25
-1 - (-6 - 1) - (16 + 1 - 2)
-9
What is the value of -56 + 73 + (-75 - -41)?
-17
-8 + -1 - (9 + (-3 - 15))
0
What is the value of -16 + (-1 - -9) - -13 - 22?
-17
What is the value of 14 + (4 - (13 - 2)) - 1?
6
-15 + (-8 + 9 - -1) - 5
-18
What is the value of (2 - -11) + 66 + -102 + 46?
23
What is the value of 8 + -71 + 84 + (-2 - 9)?
10
Calculate (8 - -13) + (5 - 3 - 13).
10
What is the value of (21 - (-19 + 25)) + 0?
15
What is 12 + 6 + (-2 - 3)?
13
Calculate -2 - 17 - (-541 - -501).
21
-27 - (6 + -22) - -49
38
Calculate 44 + (-25 - 2 - -3).
20
What is the value of -5 - -11 - (5 + -5 + 1 + -2)?
7
Calculate 6 + -3 + (-8 - -8).
3
What is the value of (1 - 11 - -6) + 17?
13
What is the value of (3 - -1) + (-19 - (-31 - -17))?
-1
(-3 - -6) + -35 + 9
-23
-15 + 27 + -23 + 8 + 0 + -11
-14
What is the value of 2 - (-21 - -14 - -6)?
3
Evaluate (-1 - (-10 + 2)) + -14.
-7
What is the value of -6 - (10 - 17) - (13 - -2)?
-14
What is the value of 7 + 6 - 6 - (0 + 2) - 13?
-8
Evaluate -7 + (-5 - -29) + -11 + -15.
-9
1 - (-22 + -22 + 39)
6
What is 11 + 5 + (1 - 8)?
9
What is the value of 23 - (29 - 25) - (-1 - -41)?
-21
What is -1607 + 1591 + -1 + 0?
-17
Evaluate -28 + 12 + 6 - 3.
-13
What is -9 + (0 - 1) + (-794 - -789)?
-15
13 - (8 + -4 + 5 + -6)
10
Calculate 0 + 9 + (12 - (-5 - -21)).
5
Evaluate -3 + -3 - (5 + -6 - 14).
9
What is the value of (9 - 4 - (10 + 0)) + 16?
11
Calculate (8 - 8) + (2 - (2 + -22 + 6)).
16
What is the value of 1 + 0 + -76 + 66 - -4?
-5
1 - (6 + 0 + 2) - 1
-8
What is -2 - (7 + 3) - -22?
10
Calculate (12 - (1 + 2)) + 17 + -12.
14
What is the value of 0 + -10 - (-16 + 0 + (31 - 26))?
1
Evaluate (2 - -11) + -1 + 6 - (-9 - -2).
25
32 + 26 - 28 - 24
6
What is the value of -7 + 13 + (2 - 3) + (-42 - -28)?
-9
(1 - 2) + (254 - 247)
6
Calculate 1 + (-13 + 26 - 27).
-13
Evaluate -1 + 1 - ((5 - 10) + -18 + 22).
1
What is the value of (11 - (6 - -1)) + (5 - 4)?
5
What is 61 + -43 - (1 + 15)?
2
What is the value of (55 - 34) + 11 - 40?
-8
Calculate -7 - (2 - 0) - 1 - (-1835 - -1839).
-14
-15 + 2 + 0 + -5
-18
Evaluate (-5 - 4) + (-12 - 0 - -22).
1
What is the value of -3 + -12 + 7 - -23?
15
Evaluate 0 + -11 + (-25 - (-16 - 4)) - -6.
-10
What is the value of -16 + (30 - -7 - -6) - 5?
22
Evaluate -6 + (16 - (-24 + 28)).
6
-4 + 4 + -3 + 6 + -3
0
0 + (4 - 18) + 17 + -7 + 15
11
(-6 - 29) + (13 - ((-7 - -2) + 15))
-32
What is (-17 - ((3 - -11) + -8)) + 1 + 4?
-18
Evaluate -18 + 12 + (-10 - -3 - -4).
-9
26 - 65 - -37 - 15
-17
What is (-2 - -1) + -16 - -28?
11
Evaluate 11 + -25 + 12 + 1 - -21.
20
What is -35 - (-3 + 27 + -41)?
-18
Calculate -1 - (6 - 32) - 14.
11
What is -5 - -23 - (-14 - -27)?
5
What is -3 + -41 - (9 + -80)?
27
Evaluate -1 + -1 + 15 - (9 - -18 - 19).
5
Evaluate 5 - 9 - (-6 + (-3 - 0)).
5
14 + 3 + -19 + -21
-23
25 - (20 + -24 + 8)
21
Evaluate 19 - (8 - (0 + 0)).
11
What is -19 - (-26 + 30) - -16?
-7
-17 + 30 + -5 + 21
29
Calculate (53 - 52) + 0 + -3 + -9.
-11
What is the value of -22 + 11 + -4 + 11?
-4
What is the value of -24 + 13 + (3 - -6) - (-9 - 1)?
8
Calculate -29 - -35 - (-2 + 2 + 1).
5
Evaluate -11 - 1 - (0 - 3 - (-16 + 7)).
-18
-8 + 20 + -15 - 10
-13
What is the value of 7 + (-2 - 11 - -5)?
-1
2 - 1 - (-53 + 36 - (-3 + 6))
21
Calculate 6 - ((1 - -1) + 8 - (10 + 15)).
21
What is -5 - -1 - ((-5 - -9) + -2 + -4)?
-2
-3 - (8 - 4) - (-5 - (-21 - -11))
-12
What is the value of 9 - ((-165 - -175) + (-16 - 1))?
16
Evaluate 27 + (-118 - -76) - (0 + -15).
0
Evaluate -22 + (8 + (-24 - -5) - -7).
-26
Calculate (-4 - (8 + (6 - 13))) + (0 - -8).
3
2 - -69 - (-231 - -268)
34
What is the value of 14 + 10 + -18 + 3?
9
Evaluate -20 + (-4 + 13 - -4).
-7
Calculate (36 - (-1 + -9 + -10)) + -17.
39
What is the value of -15 + (-3 - -3 - 5 - -9)?
-11
Evaluate (-2 - 15) + (-34 - (27 - 54)).
-24
What is (82 - -7 - 79) + (0 - 1) + -16?
-7
-635 + 622 + (1 - 0)
-12
26 - (11 + 9 + 0 + -11)
17
What is -41 + 21 - (-17 - -9)?
-12
Evaluate (69 - 83) + (2 - -20).
8
-7 + 21 + -9 + 0
5
Evaluate -7 - -28 - 20 - 6.
-5
Calculate 4 - (-12 - -30) - -11 - 6.
-9
What is 1 - (8 + (-18 - -6))?
5
What is the value of 373 + -402 - (1 + -65)?
35
What is -2 - (-2 + -2) - ((23 - 79) + 41)?
17
Evaluate 0 + -10 + 5 - 3 - -6.
-2
6 + -5 + (10 - 10)
1
What is the value of (7 - 5 - 9) + 0?
-7
Calculate -4 - -5 - (5 + 5).
-9
What is (-3 - -8) + (0 + -1 - 0 - -7)?
11
0 + -17 + (6 - 4 - 10 - -14)
-11
-9 + -8 + (12 - 2) - 6
-13
What is (7 + 2 - -6) + 1?
16
What is -89 + 101 - ((-4 - 0) + 0)?
16
-13 - (-20 + -3 - -5)
5
What is the value of -5 + (9 - (-1 - 0 - -11))?
-6
Evaluate 13 -